{"id":6327,"date":"2013-09-02T16:12:59","date_gmt":"2013-09-02T16:12:59","guid":{"rendered":"http:\/\/artbees.net\/themes\/jupiter-demo\/?page_id=6327"},"modified":"2019-01-30T11:16:10","modified_gmt":"2019-01-30T11:16:10","slug":"milestone","status":"publish","type":"page","link":"https:\/\/listaappalti.com\/?page_id=6327","title":{"rendered":"L\u2019azienda"},"content":{"rendered":"<div class=\"wpb_row vc_row-fluid \">\n\t<div class=\"vc_span12 wpb_column column_container\">\n\t\t\t<h2 style=\"font-size: 14px;text-align:left;color: #393836;font-weight:inhert;margin-top:0px;margin-bottom:18px; \" id=\"fancy-title-849\" class=\"mk-shortcode mk-fancy-title pattern-style \"><span style=\"padding-right:8px;\">\nOrganico\n<\/span><\/h2><div class=\"clearboth\"><\/div>\n\t<\/div><\/div><div class=\"wpb_row vc_row-fluid \">\n\t<div class=\"vc_span12 wpb_column column_container\">\n\t\t\t<div id=\"mk-text-block-220\"  style=\" margin-bottom:0px;text-align: left;\" class=\"mk-text-block  \">L&#8217;organico \u00e8 composto da un ingegnere, geometri, direttori tecnici, topografi, contabili, responsabili di cantiere, impiegati amministrativi, operai specializzati, qualificati e comuni per un totale di\u00a0 30 dipendenti.<\/p>\n<p>L\u2019azienda si avvale inoltre della collaborazione di studi tecnici di ingegneria ed architettura nonch\u00e9 di consulenti esterni in materia legale e fiscale.<div class=\"clearboth\"><\/div><\/div> \n\t<\/div><\/div><div class=\"wpb_row vc_row-fluid \">\n\t<div class=\"vc_span12 wpb_column column_container\">\n\t\t\t\n\t<\/div><\/div><div class=\"wpb_row vc_row-fluid \">\n\t<div class=\"vc_span12 wpb_column column_container\">\n\t\t\t<div style=\"padding: 30px 0 0px;\" class=\"mk-divider mk-shortcode divider_full_width padding_space \"><div class=\"divider-inner\"><\/div><\/div><div class=\"clearboth\"><\/div><h2 style=\"font-size: 14px;text-align:left;color: #393836;font-weight:inhert;margin-top:0px;margin-bottom:18px; \" id=\"fancy-title-231\" class=\"mk-shortcode mk-fancy-title pattern-style \"><span style=\"padding-right:8px;\">\nNews\n<\/span><\/h2><div class=\"clearboth\"><\/div><div id=\"mk-text-block-816\"  style=\" margin-bottom:0px;text-align: left;\" class=\"mk-text-block  \"><strong>Gallitello, il nodo complesso si \u00e8&#8230; sciolto<\/strong><br \/>\n<span style=\"text-decoration: underline;\">Per la Bradanica di Matera ora serve una variante<\/span><\/p>\n<p><strong>di GIOVANNA LAGUARDIA<\/strong><\/p>\n<p>POTENZA &#8211; E il nodo complesso del Gallitello si&#8230; sciolse. Dopo lunghi mesi di blocco del cantiere del sovrappasso ferroviario, ultimo e pi\u00f9 importante pilastro della faraonica opera viaria alla porta Ovest della citt\u00e0, il Comune di Potenza ha dato il fatidico annuncio: i lavori riprenderanno. Infatti, \u00e8 stato sottoscritto ieri mattina l\u2019accordo tra la Dec Spa, Novigal Scarl e Lista Appalti Srl per la prosecuzione dei lavori del Nodo Complesso del Gallitello.<br \/>\nLa Dec, capolista dell\u2019associazione di imprese aggiudicataria dell\u2019appalto per i lavori del sovrappasso, fu travolta lo scorso anno dalle vicende giudiziare e dal crac finanziario dei fratelli De Gennaro, cosa che aveva comportato il blocco dei lavori e il mancato rispetto della scadenza contrattuale. Proprio per questo nella tarda estate del 2012 il Comune di Potenza aveva avviato la procedura di risoluzione del contratto in danno.<\/p>\n<p>Nel frattempo, per\u00f2, la Dec era entrata in concordato preventivo ed il Tribunale di Bari aveva pubblicato un bando esplorativo per verificare l\u2019interesse di altre ditte a subentrare in alcuni appalti vinti dalla ditta pugliese, tra cui, appunto, il nodo complesso del Gallitello. Bando per il quale si era fatta avanti la Lista Appalti srl di Valsinni. Fatti i suoi conti e verificata l\u2019affidabilit\u00e0 e l\u2019idoneit\u00e0 della ditta subentrante, il Comune di Potenza, committente dell\u2019opera, aveva deciso pi\u00f9 utile per una veloce ripresa dei lavori, nell\u2019interesse degli automobilisti potentini, recedere dalla procedura di rescissione in danno e di assentire al passaggio delle consegne da Dec a Lista. Un\u2019operazione che ha richiesto qualche settimana in pi\u00f9 del previsto a causa di alcune discrepanze tra le valutazioni della commissione comunale di collaudo e la Dec sui lavori eseguiti.<\/p>\n<p>L\u2019assessore alla viabilit\u00e0 Pesarini, interpellato all\u2019inizio del mese dalla Gazzetta, si era comunque detto fiducioso che la firma sarebbe arrivata entro ottobre, e cos\u00ec \u00e8 stato. I lavori, fanno sapere dal Comune, avranno inizio compatibilmente con l\u2019invio della comunicazione di invito formale alla ripresa (circa 10 giorni) e dovranno essere ultimati nel termine di 240 giorni dalla data di ripresa. \u00abRisolviamo positivamente \u2013 hanno commentato il Sindaco di Potenza e l\u2019Assessore alla Viabilit\u00e0- una questione cruciale, riprendendo finalmente i lavori del Nodo Complesso del Gallitello, lavori bloccati notoriamente per responsabilit\u00e0 non attribuibili all\u2019Amministrazione Comunale di Potenza. Il tempo necessario ad organizzare tecnicamente il cantiere ed i lavori riprenderanno. Entro otto mesi l\u2019opera sar\u00e0 completata e avremo a disposizione una infrastruttura fondamentale per la viabilit\u00e0 cittadina\u00bb.<br \/>\nDa \u201cLa Gazzetta del Mezzogiorno\u201d del 29 ottobre 2013.<div class=\"clearboth\"><\/div><\/div> \n\t<\/div><\/div>\n","protected":false},"excerpt":{"rendered":"Organico L'organico \u00e8 composto da un ingegnere, geometri, direttori tecnici, topografi, contabili, responsabili di cantiere, impiegati amministrativi, operai specializzati, qualificati e comuni per un totale di\u00a0 30 dipendenti. L\u2019azienda si [...]","protected":false},"author":1,"featured_media":0,"parent":0,"menu_order":0,"comment_status":"open","ping_status":"closed","template":"","meta":{"ngg_post_thumbnail":0},"_links":{"self":[{"href":"https:\/\/listaappalti.com\/index.php?rest_route=\/wp\/v2\/pages\/6327"}],"collection":[{"href":"https:\/\/listaappalti.com\/index.php?rest_route=\/wp\/v2\/pages"}],"about":[{"href":"https:\/\/listaappalti.com\/index.php?rest_route=\/wp\/v2\/types\/page"}],"author":[{"embeddable":true,"href":"https:\/\/listaappalti.com\/index.php?rest_route=\/wp\/v2\/users\/1"}],"replies":[{"embeddable":true,"href":"https:\/\/listaappalti.com\/index.php?rest_route=%2Fwp%2Fv2%2Fcomments&post=6327"}],"version-history":[{"count":23,"href":"https:\/\/listaappalti.com\/index.php?rest_route=\/wp\/v2\/pages\/6327\/revisions"}],"predecessor-version":[{"id":8370,"href":"https:\/\/listaappalti.com\/index.php?rest_route=\/wp\/v2\/pages\/6327\/revisions\/8370"}],"wp:attachment":[{"href":"https:\/\/listaappalti.com\/index.php?rest_route=%2Fwp%2Fv2%2Fmedia&parent=6327"}],"curies":[{"name":"wp","href":"https:\/\/api.w.org\/{rel}","templated":true}]}}

<div class="wpb_row vc_row-fluid ">
	<div class="vc_span12 wpb_column column_container">
			<h2 style="font-size: 14px;text-align:left;color: #393836;font-weight:inhert;margin-top:0px;margin-bottom:18px; " id="fancy-title-849" class="mk-shortcode mk-fancy-title pattern-style "><span style="padding-right:8px;">
Organico
</span></h2><div class="clearboth"></div>
	</div></div><div class="wpb_row vc_row-fluid ">
	<div class="vc_span12 wpb_column column_container">
			<div id="mk-text-block-220"  style=" margin-bottom:0px;text-align: left;" class="mk-text-block  ">L&#8217;organico è composto da un ingegnere, geometri, direttori tecnici, topografi, contabili, responsabili di cantiere, impiegati amministrativi, operai specializzati, qualificati e comuni per un totale di  30 dipendenti.</p>
<p>L’azienda si avvale inoltre della collaborazione di studi tecnici di ingegneria ed architettura nonché di consulenti esterni in materia legale e fiscale.<div class="clearboth"></div></div> 
	</div></div><div class="wpb_row vc_row-fluid ">
	<div class="vc_span12 wpb_column column_container">
			
	</div></div><div class="wpb_row vc_row-fluid ">
	<div class="vc_span12 wpb_column column_container">
			<div style="padding: 30px 0 0px;" class="mk-divider mk-shortcode divider_full_width padding_space "><div class="divider-inner"></div></div><div class="clearboth"></div><h2 style="font-size: 14px;text-align:left;color: #393836;font-weight:inhert;margin-top:0px;margin-bottom:18px; " id="fancy-title-231" class="mk-shortcode mk-fancy-title pattern-style "><span style="padding-right:8px;">
News
</span></h2><div class="clearboth"></div><div id="mk-text-block-816"  style=" margin-bottom:0px;text-align: left;" class="mk-text-block  "><strong>Gallitello, il nodo complesso si è&#8230; sciolto</strong><br />
<span style="text-decoration: underline;">Per la Bradanica di Matera ora serve una variante</span></p>
<p><strong>di GIOVANNA LAGUARDIA</strong></p>
<p>POTENZA &#8211; E il nodo complesso del Gallitello si&#8230; sciolse. Dopo lunghi mesi di blocco del cantiere del sovrappasso ferroviario, ultimo e più importante pilastro della faraonica opera viaria alla porta Ovest della città, il Comune di Potenza ha dato il fatidico annuncio: i lavori riprenderanno. Infatti, è stato sottoscritto ieri mattina l’accordo tra la Dec Spa, Novigal Scarl e Lista Appalti Srl per la prosecuzione dei lavori del Nodo Complesso del Gallitello.<br />
La Dec, capolista dell’associazione di imprese aggiudicataria dell’appalto per i lavori del sovrappasso, fu travolta lo scorso anno dalle vicende giudiziare e dal crac finanziario dei fratelli De Gennaro, cosa che aveva comportato il blocco dei lavori e il mancato rispetto della scadenza contrattuale. Proprio per questo nella tarda estate del 2012 il Comune di Potenza aveva avviato la procedura di risoluzione del contratto in danno.</p>
<p>Nel frattempo, però, la Dec era entrata in concordato preventivo ed il Tribunale di Bari aveva pubblicato un bando esplorativo per verificare l’interesse di altre ditte a subentrare in alcuni appalti vinti dalla ditta pugliese, tra cui, appunto, il nodo complesso del Gallitello. Bando per il quale si era fatta avanti la Lista Appalti srl di Valsinni. Fatti i suoi conti e verificata l’affidabilità e l’idoneità della ditta subentrante, il Comune di Potenza, committente dell’opera, aveva deciso più utile per una veloce ripresa dei lavori, nell’interesse degli automobilisti potentini, recedere dalla procedura di rescissione in danno e di assentire al passaggio delle consegne da Dec a Lista. Un’operazione che ha richiesto qualche settimana in più del previsto a causa di alcune discrepanze tra le valutazioni della commissione comunale di collaudo e la Dec sui lavori eseguiti.</p>
<p>L’assessore alla viabilità Pesarini, interpellato all’inizio del mese dalla Gazzetta, si era comunque detto fiducioso che la firma sarebbe arrivata entro ottobre, e così è stato. I lavori, fanno sapere dal Comune, avranno inizio compatibilmente con l’invio della comunicazione di invito formale alla ripresa (circa 10 giorni) e dovranno essere ultimati nel termine di 240 giorni dalla data di ripresa. «Risolviamo positivamente – hanno commentato il Sindaco di Potenza e l’Assessore alla Viabilità- una questione cruciale, riprendendo finalmente i lavori del Nodo Complesso del Gallitello, lavori bloccati notoriamente per responsabilità non attribuibili all’Amministrazione Comunale di Potenza. Il tempo necessario ad organizzare tecnicamente il cantiere ed i lavori riprenderanno. Entro otto mesi l’opera sarà completata e avremo a disposizione una infrastruttura fondamentale per la viabilità cittadina».<br />
Da “La Gazzetta del Mezzogiorno” del 29 ottobre 2013.<div class="clearboth"></div></div> 
	</div></div>

Organico L'organico è composto da un ingegnere, geometri, direttori tecnici, topografi, contabili, responsabili di cantiere, impiegati amministrativi, operai specializzati, qualificati e comuni per un totale di  30 dipendenti. L’azienda si [...]
