{"id":8289,"date":"2017-10-28T16:51:08","date_gmt":"2017-10-28T16:51:08","guid":{"rendered":"http:\/\/listaappalti.com\/?page_id=8289"},"modified":"2017-10-30T11:50:44","modified_gmt":"2017-10-30T11:50:44","slug":"certificazioni-2","status":"publish","type":"page","link":"https:\/\/listaappalti.com\/?page_id=8289","title":{"rendered":"Certificazioni"},"content":{"rendered":"<table width=\"1000\" border=\"0\">\n<tbody>\n<tr>\n<th scope=\"col\" width=\"200\"><a href=\"https:\/\/listaappalti.com\/?page_id=8236\" target=\"_blank\">CATEGORIE SOA<\/a><\/th>\n<th scope=\"col\" width=\"200\"><a href=\"https:\/\/listaappalti.com\/?page_id=8246\" target=\"_blank\">QUALITA&#8217;<\/a><\/th>\n<th scope=\"col\" width=\"200\"><a href=\"https:\/\/listaappalti.com\/?page_id=8258\" target=\"_blank\">SISTEMA INTEGRATO QAS<\/a><\/th>\n<th scope=\"col\" width=\"200\"><a href=\"https:\/\/listaappalti.com\/?page_id=8262\" target=\"_blank\">QUALIFICAZIONI<\/a><\/th>\n<th scope=\"col\" width=\"200\"><a href=\"https:\/\/listaappalti.com\/?page_id=8302\" target=\"_blank\">COMUNICAZIONE AMBIENTALE E EMAS<\/a><\/th>\n<\/tr>\n<tr>\n<td><a href=\"https:\/\/listaappalti.com\/?page_id=8236\"><img loading=\"lazy\" alt=\"\" src=\"https:\/\/listaappalti.com\/wp-content\/uploads\/2017\/05\/document-download-outline1.png\" usemap=\"#Map\" width=\"80\" height=\"80\" border=\"0\" \/><\/a><\/p>\n<p><a href=\"https:\/\/listaappalti.com\/?page_id=8236\" target=\"_blank\">Per Saperne di pi\u00f9<\/a><\/td>\n<td><a href=\"https:\/\/listaappalti.com\/?page_id=8246\"><img loading=\"lazy\" alt=\"\" src=\"https:\/\/listaappalti.com\/wp-content\/uploads\/2017\/05\/document-download-outline1.png\" usemap=\"#Map\" width=\"80\" height=\"80\" border=\"0\" \/><\/a><\/p>\n<p><a href=\"https:\/\/listaappalti.com\/?page_id=8246\" target=\"_blank\">Per Saperne di pi\u00f9<\/a><\/td>\n<td><a href=\"https:\/\/listaappalti.com\/?page_id=8258\"><img loading=\"lazy\" alt=\"\" src=\"https:\/\/listaappalti.com\/wp-content\/uploads\/2017\/05\/document-download-outline1.png\" usemap=\"#Map\" width=\"80\" height=\"80\" border=\"0\" \/><\/a><\/p>\n<p><a href=\"https:\/\/listaappalti.com\/?page_id=8258\" target=\"_blank\">Per Saperne di pi\u00f9<\/a><\/td>\n<td><a href=\"https:\/\/listaappalti.com\/?page_id=8262\" target=\"_blank\"><img loading=\"lazy\" alt=\"\" src=\"https:\/\/listaappalti.com\/wp-content\/uploads\/2017\/05\/document-download-outline1.png\" usemap=\"#Map\" width=\"80\" height=\"80\" border=\"0\" \/><\/a><\/p>\n<p>Codice Identificativo: 02599281207 (Autorizzazione n.69 del 17\/04\/2007) ATTESTAZIONE DI QUALIFICAZIONE ALLA ESECUZIONE DI LAVORI PUBBLICI (ai sensi del D.P.R. 207\/2010)<\/p>\n<p><a href=\"https:\/\/listaappalti.com\/?page_id=8262\" target=\"_blank\">Per Saperne di pi\u00f9<\/a><\/td>\n<td><a href=\"https:\/\/listaappalti.com\/?page_id=8302\" target=\"_blank\"><img loading=\"lazy\" alt=\"\" src=\"https:\/\/listaappalti.com\/wp-content\/uploads\/2017\/05\/document-download-outline1.png\" usemap=\"#Map\" width=\"80\" height=\"80\" border=\"0\" \/><\/a><\/p>\n<p><a href=\"https:\/\/listaappalti.com\/?page_id=8302\" target=\"_blank\">Per Saperne di pi\u00f9<\/a><\/td>\n<\/tr>\n<\/tbody>\n<\/table>\n","protected":false},"excerpt":{"rendered":"<p>CATEGORIE SOA QUALITA&#8217; SISTEMA INTEGRATO QAS QUALIFICAZIONI COMUNICAZIONE AMBIENTALE E EMAS Per Saperne di pi\u00f9 Per Saperne di pi\u00f9 Per Saperne di pi\u00f9 Codice Identificativo: 02599281207 (Autorizzazione n.69 del 17\/04\/2007) ATTESTAZIONE DI QUALIFICAZIONE ALLA ESECUZIONE DI LAVORI PUBBLICI (ai sensi del D.P.R. 207\/2010) Per Saperne di pi\u00f9 Per Saperne di pi\u00f9<\/p>\n","protected":false},"author":1,"featured_media":0,"parent":0,"menu_order":0,"comment_status":"open","ping_status":"closed","template":"","meta":{"ngg_post_thumbnail":0},"_links":{"self":[{"href":"https:\/\/listaappalti.com\/index.php?rest_route=\/wp\/v2\/pages\/8289"}],"collection":[{"href":"https:\/\/listaappalti.com\/index.php?rest_route=\/wp\/v2\/pages"}],"about":[{"href":"https:\/\/listaappalti.com\/index.php?rest_route=\/wp\/v2\/types\/page"}],"author":[{"embeddable":true,"href":"https:\/\/listaappalti.com\/index.php?rest_route=\/wp\/v2\/users\/1"}],"replies":[{"embeddable":true,"href":"https:\/\/listaappalti.com\/index.php?rest_route=%2Fwp%2Fv2%2Fcomments&post=8289"}],"version-history":[{"count":25,"href":"https:\/\/listaappalti.com\/index.php?rest_route=\/wp\/v2\/pages\/8289\/revisions"}],"predecessor-version":[{"id":8324,"href":"https:\/\/listaappalti.com\/index.php?rest_route=\/wp\/v2\/pages\/8289\/revisions\/8324"}],"wp:attachment":[{"href":"https:\/\/listaappalti.com\/index.php?rest_route=%2Fwp%2Fv2%2Fmedia&parent=8289"}],"curies":[{"name":"wp","href":"https:\/\/api.w.org\/{rel}","templated":true}]}}